- 1790 = -2*s. What are the prime factors of g?
5, 89
Let q = 2348 + -1168. List the prime factors of q.
2, 5, 59
Suppose 3*x + 2*q = 3*q + 4, 3*q + 12 = 0. Suppose x = 23*f - 15*f - 808. List the prime factors of f.
101
Let k(c) = -9*c + 2. Let s(w) = -w**3 + 11*w**2 - 11*w + 10. Let y be s(10). Let o = -1 - y. List the prime factors of k(o).
11
Suppose 0 = 4*w + 5*z - 1232, 4*z + z = 20. List the prime factors of w.
3, 101
Suppose -5*f + 4*t + 19069 = -0*t, -2*f + 2*t = -7628. What are the prime factors of f?
3, 31, 41
Let u = -92 - -155. Suppose -41 = -4*b - 5*k, -15 = 5*b + 3*k - u. What are the prime factors of b?
3
Suppose -3*x - 20 = -5*g, 2*g - g = -x + 12. Suppose m + 0*m = g. Suppose -130 = -m*h + 2*h. What are the prime factors of h?
2, 13
Suppose 2*r = 5*o - 3*o - 182, 2*o - 167 = 5*r. Suppose j + o = -2*u, 5*u = -3*j + 8*j - 255. Let w = u - -82. What are the prime factors of w?
3, 11
Let f(l) = 3*l**3 + l**2 + l. Let k be 2*(-1)/2*1. Let z be f(k). Let o(r) = -8*r - 6. What are the prime factors of o(z)?
2, 3
Suppose -4*l - 4 = 0, -2*l + 124 = -3*c - 3*l. Let m = c + 197. List the prime factors of m.
2, 3, 13
Let a be 347/3 + 12/(-18). Let i(d) = 2*d - 13. Let m be i(9). Suppose 0 = -2*b - p + 40, -m*b = -7*p + 2*p - a. What are the prime factors of b?
3, 7
Let a = 1426 - -14. What are the prime factors of a?
2, 3, 5
Suppose -3*p - 5*g - 1 = 0, -4*p = -g - 31 - 6. Suppose -p = -2*b + b. Suppose -b + 30 = 2*a. List the prime factors of a.
11
Suppose t = -5*c + 90, -3*c - 2*t + 47 = -0*c. Let m = -19 + c. What are the prime factors of 2*((3 - -2) + m)?
2, 5
Let v = 8 - -205. Suppose 3*a = 6*a - v. What are the prime factors of a?
71
Suppose -5*r + 906 = 3*m, 4*m - 1208 = 7*r - 8*r. List the prime factors of m.
2, 151
Let h be 2/(-5) - ((-18)/(-5) - 0). List the prime factors of 3*(h/(-6) + -1) + 184.
3, 61
Suppose r + 3*y = -8, 4*r - 5*y - 58 + 22 = 0. Let z = 21 - 18. Suppose 5*t - 5*g = 140, -z*t - r*g + 26 + 30 = 0. What are the prime factors of t?
2, 3
What are the prime factors of (-15614)/(-4) - (-460)/184?
2, 3, 7, 31
Suppose -3*j + 0 = -9. Let p = j + 2. Suppose p*l = 36 + 49. What are the prime factors of l?
17
Let n(h) = -3*h - 12. Let v be n(-5). Suppose 0 = -v*i - 5*c + 37, 3*c = -0 + 15. Suppose 7 = 4*z - 5, 231 = i*a + 5*z. List the prime factors of a.
2, 3
Let x = -20 + 14. Let b(m) = -3*m - 12. What are the prime factors of b(x)?
2, 3
Let k(z) = 55*z**3 - 1. Let j be k(1). What are the prime factors of j/4*-6*(-4 - -2)?
2, 3
Let l(y) = -5*y**2 - 2*y + 27. Let c be l(-6). Let p = -78 - c. List the prime factors of p.
3, 7
Suppose 2*a + 2*t = -253 + 1159, -2245 = -5*a - t. Suppose 0*z = 3*n + 2*z - a, 2*z + 302 = 2*n. List the prime factors of n.
2, 3, 5
Let s(f) = 13*f**2 - 5*f + 7. Let m be s(2). Suppose -m = x - 2*x. What are the prime factors of x?
7
Suppose 3 + 6 = 3*a. Suppose 3*n = -2*s, 5*n = -a*s - 0*s + 1. Suppose 0 = y + 4*g - g + 8, 0 = 2*y - n*g - 24. List the prime factors of y.
7
Let b be (26 - 22)*93/(-4). Let r = -39 - b. What are the prime factors of r?
2, 3
Let z = 74 - 46. Let u = 9 + z. List the prime factors of u.
37
Let i(x) = -3*x + 3. Let q be i(-4). List the prime factors of (38/6 - 3)*q.
2, 5
Let u(x) = -1 + 4 + 2 - 12*x - 14. Let z(m) = -m**3 + m**2 - m + 2. Let o be z(2). What are the prime factors of u(o)?
3, 13
Let d(s) = 5*s + 3 - 3*s**2 - 3*s**2 + 7 - s**3 + s**2. List the prime factors of d(-7).
73
Suppose 53*r - 54*r + 1565 = 0. What are the prime factors of r?
5, 313
Let p = -829 - -1566. What are the prime factors of p?
11, 67
Let k(a) = a**3 + 25*a**2 + 20*a + 54. What are the prime factors of k(-24)?
2, 3, 5
Let g(z) = 2 - 4*z + 1 + 0 + 5*z. Let j be g(0). Suppose -j*p + 17 = -199. List the prime factors of p.
2, 3
Let g(n) = -18*n - n + 5 + 9*n - n**2. Let f = -11 + 2. List the prime factors of g(f).
2, 7
Let q be 1*(-4)/((-8)/1382). Suppose -2*k = 113 - q. List the prime factors of k.
17
Let l = -2 + 5. Suppose a = -4*c + 8*c - 300, 0 = 2*c - l*a - 160. What are the prime factors of c?
2, 37
Let j be ((-75)/10)/(2/12). List the prime factors of (-806)/(-18) + (-10)/j.
3, 5
Suppose 41*x - 912 = 38*x. List the prime factors of x.
2, 19
Suppose -2*l - 6*l = -944. Let b = -76 + l. List the prime factors of b.
2, 3, 7
Let t(p) = -4*p**2 - 9*p + 21. Let r be t(2). Suppose i = 3*a + 16, -4*a - 2*i - 2*i - 16 = 0. Let n = a - r. List the prime factors of n.
2
Suppose -5059 = -4*d - 3*f - 40, 4*d - 5018 = -2*f. What are the prime factors of d?
2, 3, 11, 19
Let j(c) = -c**2 - 7*c + 4. Let y be j(-7). Let i be -1*(-3 + y) + -4. What are the prime factors of (i - -9) + 25 + 3?
2
What are the prime factors of 9/((-27)/(-29))*129?
29, 43
Suppose 4*a = -0 + 20. Suppose 2*j = 3*r + a, 2 - 20 = -5*j + 2*r. Suppose 0 = -2*q, -2*s - j*q = -22 - 4. What are the prime factors of s?
13
Let z be -4 + 3 + (7 - 2). Suppose o - 4*o = 2*f + 6, -z*o = 4*f + 8. Suppose -8*t + 7*t + 7 = f. List the prime factors of t.
7
Let f be 6/(0 - 3/12). Let c = 14 - f. List the prime factors of c + (4 - 0)/2.
2, 5
Suppose m - j = 4*j + 22, 3*j = 9. Suppose -m = -4*s + 275. List the prime factors of s.
2, 3, 13
Suppose 2*g - 5*a - 15 = -3*g, 2*a - 4 = 0. Let y be 4/(-8)*-10*g. Let j = -15 + y. What are the prime factors of j?
2, 5
Suppose g - 4*i - 441 = -3*i, g = 3*i + 445. What are the prime factors of g?
439
Let d(h) = -h**3 - 11*h**2 + 11*h - 10. Let u be d(-12). Let i(m) = 10*m**3 + 2*m**2 - 2*m + 5. List the prime factors of i(u).
89
Let a(y) = 3*y**2 + 4*y - 30. What are the prime factors of a(-13)?
5, 17
Let x be 4 + 0 + (3 - 30). Let u = 35 + x. List the prime factors of u.
2, 3
Let l = 26 + -26. Let r(y) = y + 52. What are the prime factors of r(l)?
2, 13
Let r(u) = -u**2 + 14*u + 18. Let j be r(15). Suppose 5*x + 2*p = 7*p + 415, 95 = x + j*p. List the prime factors of x.
2, 43
Let l(j) = -128*j - 33. List the prime factors of l(-6).
3, 5, 7
Let y(q) = -q**2 + q + 10. Let r be y(4). Let h(c) = c**3 - c**2 - 3*c + 4. Let v be h(3). Let i = v + r. List the prime factors of i.
11
Let x = 25 + -6. Suppose x = m - 39. List the prime factors of m.
2, 29
Let r(c) = 454*c**2 + 3*c - 1. What are the prime factors of r(2)?
3, 607
Let u be -24 + (-12 + 6)/(-1). Let j(r) = 29*r**2 + r. Let l be j(-1). Let n = u + l. List the prime factors of n.
2, 5
Let u = 699 + -226. List the prime factors of u.
11, 43
Let z(v) = -v**3 - 7*v**2 + 6*v - 5. Let y be z(-4). Let o = 95 + y. What are the prime factors of o?
2, 3
Let m(z) = 6 - 126*z + 79*z + 57*z - 3. What are the prime factors of m(5)?
53
Let n be 2/(-7) - (-1170)/(-21). Let v be n/(-26) + 2/(-13). Suppose 0 = -v*k + 5 + 1. List the prime factors of k.
3
Let h(j) = -j**2 - 3*j + 7. Let z be h(-5). Let v be ((-1)/z)/((-2)/12). List the prime factors of 0/((-8)/v) - -24.
2, 3
Suppose -156 = -5*l - l. Suppose -a + 0*a = 9. Let q = l - a. List the prime factors of q.
5, 7
Let l = -318 - -461. Suppose 3*v + 5*g - 131 = g, 4*v = g + l. List the prime factors of v.
37
Let g(l) = 35*l**3 + l**2 + 4*l - 5*l - 2*l**2 + 3*l - 1. Let x be g(1). Let n = -1 + x. What are the prime factors of n?
2, 17
Let o(p) = -2*p**3 + p**2 - 6*p - 5. Let u(w) = w**3 + w**2 + w - 4. Let l be u(0). List the prime factors of o(l).
163
Let f(g) = g**3 - 23*g**2 + 17*g + 69. List the prime factors of f(26).
2539
Let l be (-9)/(-4) - 6/(-8). Suppose -2*u = 0, l*y - 3*u - 97 = 83. What are the prime factors of y?
2, 3, 5
Suppose -5*f - 4*v = -5043, 4*f - 5*f + 5*v + 1026 = 0. List the prime factors of f.
3, 337
Let v = -638 - -1022. List the prime factors of v.
2, 3
Let u = -103 + 55. Let o be -3*-4*4/u. List the prime factors of 3 - 4 - o - -3.
3
Let r be ((-1)/(-1))/((-15)/(-3390)). Let v = -98 + r. Suppose 2*m + 2*m = 0, -4*m - v = -4*q. List the prime factors of q.
2
What are the prime factors of 5/((-70)/(-4)) + (-58656)/(-112)?
2, 131
Let s = -15 - -11. Let m(o) = -1. Let g(b) = 3*b**2 - 3. Let d(k) = g(k) - 2*m(k). What are the prime factors of d(s)?
47
Suppose -3*k - 665 = -2*m, -3*m + k + 894 = -107. What are the prime factors of m?
2, 167
Let d be ((-6)/(-9))/((-6)/(-27)). Suppose 0 = d*j + 3*v - 6, -4*v = -j - 0*v + 22. Suppose -j*b + 0*b = -72. What are the prime factors of b?
2, 3
Let b(n